15 - i. What is the greatest common factor of z and 63?
9
Let z(f) = 2*f + 12. Let c be z(5). What is the greatest common factor of c and 33?
11
Let a(u) = 0*u**2 + 10*u**2 + 2*u**2. Let y be a(1). Let r be (-63)/14*16/(-3). What is the highest common divisor of y and r?
12
Suppose 2*d - d - 54 = -2*a, -d + 2*a = -46. Let y(t) = -28*t**3 - t**2 + t - 1. Let v be y(1). Let o = v + d. What is the highest common factor of 168 and o?
21
Suppose 3*n + 2*z = 14, 0*n + 3 = 2*n - 5*z. Suppose n*w - 86 = -2. Calculate the highest common factor of w and 84.
21
Let b(y) = 6 + 0 + 8*y - 2*y**2 + 6*y**2. Let d be b(-5). What is the highest common factor of d and 6?
6
Let j be (-6)/10 - (-3381)/35. Suppose 10 = 2*h - 14. What is the highest common divisor of h and j?
12
Suppose i = 2*y - 152, 10 = 2*i + 3*i. Let q be ((-90)/(-135))/(1 - (-19)/(-21)). What is the highest common divisor of y and q?
7
Let t(p) = -4*p + 6. Let l be t(-6). Suppose 2*m + 0*m - 90 = 0. What is the greatest common divisor of l and m?
15
Suppose -46*s + 50*s = 68. What is the greatest common divisor of s and 34?
17
Let w be (1 - -6) + (-5 - -7). Calculate the highest common factor of 18 and w.
9
Let b(w) = 8*w - 7*w + 4*w**2 - 2*w**2 - 3. Let z be b(2). Calculate the greatest common factor of 70 and z.
7
Suppose -4*r + 1 = 17, -16 = -2*x - 4*r. Suppose -3*v + 4 = -2. What is the greatest common factor of x and v?
2
Let n = 36 - 24. Suppose -2*k - n = -3*k. Calculate the highest common divisor of 30 and k.
6
Let q = 711 + -415. What is the highest common divisor of q and 8?
8
Let w(f) = 28*f + 1. Let g(o) = -o**2 - 3*o + 4. Let d be g(-3). Let u be w(d). Let m be (3 - u)*6/(-5). What is the greatest common divisor of 12 and m?
12
Let n be (-12)/(-4)*(-2 - 21/(-9)). Calculate the greatest common factor of 16 and n.
1
Suppose b + 20 = 3*b. Let c(s) be the third derivative of s**4/12 + 13*s**3/6 - 6*s**2. Let h be c(6). Calculate the greatest common factor of h and b.
5
Let q(m) = m**2 - 2*m - 1. Let l be q(3). Let o be 98/3 + l/(-3). Let v be 14 - 4/4*-2. What is the greatest common divisor of v and o?
16
Suppose 12 = 4*y, 0 = -3*p - 3*y + 138 - 51. What is the highest common factor of 39 and p?
13
Suppose 0 = -5*n + 4*n + 3. Suppose -2*c - 8 = 0, 0*c + c + 28 = n*b. Calculate the highest common divisor of b and 1.
1
Let h be (-1)/(-4) + 35/4. Let u = 86 + -68. What is the highest common divisor of u and h?
9
Let l be 52/(-5) + (-4)/(-10). Let s = 24 + l. Let w(q) = q. Let k be w(7). Calculate the greatest common factor of s and k.
7
Let c be (44/6)/((-2)/(-24)). Calculate the highest common factor of c and 22.
22
Suppose -5*x - 145 = -4*j, -5*j + 6*x = x - 180. Calculate the highest common divisor of j and 5.
5
Let s be 88/(-14)*(-21)/6 + 1. What is the greatest common factor of 253 and s?
23
Let s be 1/(-3) + 4/(-6). Let r = s - -3. Suppose 88 = 3*f - r. Calculate the greatest common factor of f and 15.
15
Let x be -2 - -3 - 1*-24. Calculate the greatest common divisor of 125 and x.
25
Let b(a) = a**2 - a - 6. Let j be b(6). What is the greatest common divisor of j and 3?
3
Suppose 0 = -p - 4*b + 172, 3*p + 2*b - 377 - 89 = 0. Suppose -2*q - 2*q + p = 0. Let s = q - 18. What is the greatest common divisor of s and 8?
4
Suppose 605 = 5*d - 0*d. Let u be 1/(-4) + d/4. Let a be 0/(-4) - (-1 + -7) - -4. Calculate the highest common factor of a and u.
6
Suppose 0 = -4*u + 58 - 18. Let c = 386 + -239. Let n = -67 + c. Calculate the highest common divisor of u and n.
10
Let h(a) = a - a**2 + 6 - 3 - 5*a. Suppose -k - 6 = -2. Let u be h(k). Calculate the highest common divisor of u and 3.
3
Let a(b) = -b**3 - 10*b**2 - 10*b - 1. Let d be a(-9). Let z = -13 + d. Let l(h) = h**2 + 2*h + 6. Let g be l(z). What is the highest common divisor of 7 and g?
7
Let n = -1 + 4. Suppose -n*m + 11 = -2*m. Let i be 1/2 - 43/(-2). What is the highest common divisor of i and m?
11
Let i(z) = -62*z + 41. Let f be i(-4). Calculate the highest common divisor of f and 17.
17
Suppose 2*b + 3 = 5*b. What is the greatest common divisor of b and 9?
1
Let z be (-4)/(-6) + (-620)/(-15). Calculate the greatest common divisor of 6 and z.
6
Let g be (1 - -1) + -3 - -3. Suppose -g*d + 2 = -0*d. What is the highest common divisor of d and 8?
1
Let k(j) = -j**3 + 3*j**2 + 5*j + 3. Let h be k(4). Calculate the highest common divisor of h and 7.
7
Let n be (0 + 1/(-2))*-4. Suppose 0 = -2*v + 4 + 2. Suppose -5*g - b = -20, -v*g - 3*b + 20 = 2*g. What is the highest common factor of n and g?
2
Let l be (735/12)/((-3)/(-24)). Calculate the highest common factor of 70 and l.
70
Suppose 3*l = -53 + 143. Suppose 4*i = 3*t + 4, 5*i + l = -8*t + 3*t. Let u be (-1120)/(-6) + i/(-6). What is the greatest common factor of 17 and u?
17
Suppose 4*m - 113 - 31 = 0. Let g = 9 + 0. What is the highest common divisor of m and g?
9
Let u(n) = -4*n + 23. Let h be u(-3). Calculate the highest common factor of 28 and h.
7
Let q(b) = b**2 + 3*b + 4. Let g be q(-5). What is the greatest common divisor of 2 and g?
2
Let g = -256 + 276. Suppose 50 = -4*n + 130. Calculate the greatest common factor of g and n.
20
Suppose 0*r + 2*m = 5*r - 18, 2*m = -5*r + 22. Suppose -162 = -r*j - j + u, 4*u = 12. Calculate the greatest common factor of j and 11.
11
Let d be 1/((-2)/(-2)) - 0. Suppose 3*s - 4*s = 0. Let u be 0 - (s/(-1) - 3). What is the greatest common factor of u and d?
1
Suppose 0 = -i + 4*i - 4*j - 8, i - 9 = -5*j. Calculate the greatest common factor of i and 4.
4
Let s be 31 + -33 - (1 + 63)/(-2). Calculate the highest common divisor of 10 and s.
10
Let o = 2 - -13. Suppose -2*x - 5*h + 54 = 13, o = 3*h. Calculate the highest common divisor of x and 16.
8
Let i be -3 + (-24)/(-10) + (-153)/(-5). What is the greatest common factor of 15 and i?
15
Let t be (-6)/2*12/12 - -49. What is the highest common factor of 92 and t?
46
Suppose -11*v + 5*v + 114 = 0. Calculate the greatest common divisor of 133 and v.
19
Let w be 3 - ((-2)/2 + -3). What is the highest common factor of w and 28?
7
Suppose 5*c = -0*s - 3*s + 25, -5*c + 15 = s. Suppose 3*l = 2*b - 167, 4*b - c*l = 59 + 287. Calculate the highest common divisor of b and 8.
8
Suppose -81 = g - 4*g. What is the greatest common divisor of g and 189?
27
Suppose -3*v - 48 = -4*v - 4*b, -2*v + 4*b = -60. What is the highest common factor of 18 and v?
18
Suppose -3*p - 14 = -41. Suppose -5*o + 53 = -5*y + 8, 8 = -3*o - 4*y. Suppose t - 5*z = -14, o*t - z - 44 = -6*z. What is the highest common factor of t and p?
3
Let j = 59 + -23. What is the greatest common factor of 18 and j?
18
Let a(l) = l**2 - 4*l - 34. Let c be a(-5). Calculate the greatest common divisor of 88 and c.
11
Suppose 2*r - 4*a + 1012 = -2*r, 0 = 3*r + 4*a + 752. Let v be 2/4*r/(-9). Calculate the highest common factor of 7 and v.
7
Suppose y + 18 = -2*x, x - 73 = 4*y + 26. Let n = y - -43. Suppose 5*w - 105 + 10 = 0. Calculate the highest common divisor of n and w.
19
Suppose -15 = -18*y + 13*y. Calculate the highest common divisor of 21 and y.
3
Let c(n) = n**3 - n**2 - n + 8. Let a be c(0). Suppose 3*b = 302 - a. Let i(o) = -2*o + 4. Let f be i(-5). What is the highest common divisor of b and f?
14
Suppose 2*h - 124 = -4*x, x - 68 = -x - 4*h. Let k(s) = 2*s + 1. Let o be k(-3). Let d be 2/(-5) + (-52)/o. Calculate the highest common factor of d and x.
10
Let o = -8 - -5. Let h be (0/o)/(-1) - 1. Let s be 7/(h/2 + 1). Calculate the highest common factor of s and 7.
7
Suppose -2*x = 4*j - 0*x - 612, 5*j - 772 = x. Let u(g) = -g**2 - 6. Let t be u(5). Let r = -17 - t. Calculate the greatest common factor of j and r.
14
Let f = -7 - -10. Suppose -f*n + 2*n = -24. Let z be 4/2 - (0 + -1). What is the highest common divisor of z and n?
3
Let l = -36 + 51. Let g = l - 3. What is the greatest common divisor of g and 3?
3
Suppose -4*b + 52 + 212 = 0. Calculate the highest common factor of 22 and b.
22
Let x(d) = -83*d + 1. Let n be x(-1). Suppose -4*k = y - 53, 7*k - 33 = 3*k + 3*y. What is the highest common divisor of k and n?
12
Let a be (-2 - (-13)/2)*4. Let b(k) = 18*k - 36. Let h be b(10). Calculate the highest common divisor of h and a.
18
Let v(w) = -w**3 + 2*w**2 - 2*w - 4. Let f be v(-2). Let n = 22 + 18. What is the greatest 